it of 102045797?
9
What is the tens digit of 2176427205?
0
What is the hundred thousands digit of 13128809?
1
What is the units digit of 418335710?
0
What is the ten millions digit of 998718786?
9
What is the hundred thousands digit of 1441620903?
6
What is the units digit of 30624026?
6
What is the hundred millions digit of 592539766?
5
What is the ten millions digit of 66894623?
6
What is the hundreds digit of 253436142?
1
What is the hundred thousands digit of 15352493?
3
What is the tens digit of 31651279?
7
What is the units digit of 177942125?
5
What is the tens digit of 201115161?
6
What is the hundreds digit of 762987862?
8
What is the tens digit of 416833?
3
What is the units digit of 17252892?
2
What is the tens digit of 825741959?
5
What is the billions digit of 1132777332?
1
What is the thousands digit of 109537069?
7
What is the units digit of 76947469?
9
What is the hundreds digit of 367258117?
1
What is the millions digit of 49830850?
9
What is the millions digit of 253370213?
3
What is the hundreds digit of 1347245977?
9
What is the units digit of 276804518?
8
What is the tens digit of 129164223?
2
What is the hundred thousands digit of 36412857?
4
What is the hundred thousands digit of 370483965?
4
What is the hundreds digit of 3546154969?
9
What is the hundred thousands digit of 3310924280?
9
What is the ten millions digit of 193365517?
9
What is the units digit of 94625684?
4
What is the hundreds digit of 16962645?
6
What is the thousands digit of 333827617?
7
What is the ten millions digit of 54795233?
5
What is the units digit of 3626766547?
7
What is the hundred millions digit of 486983002?
4
What is the tens digit of 30515527?
2
What is the hundreds digit of 438319393?
3
What is the thousands digit of 24943406?
3
What is the tens digit of 846844186?
8
What is the thousands digit of 726145103?
5
What is the ten thousands digit of 80040306?
4
What is the hundred millions digit of 229993542?
2
What is the millions digit of 60029379?
0
What is the hundred thousands digit of 331497367?
4
What is the ten thousands digit of 5978934518?
3
What is the ten millions digit of 1002126974?
0
What is the thousands digit of 40232436?
2
What is the hundreds digit of 875379866?
8
What is the hundreds digit of 359893474?
4
What is the units digit of 561244517?
7
What is the millions digit of 185276464?
5
What is the units digit of 250513626?
6
What is the hundred thousands digit of 360189900?
1
What is the millions digit of 715837267?
5
What is the units digit of 988061709?
9
What is the ten millions digit of 383104260?
8
What is the ten thousands digit of 157750316?
5
What is the units digit of 162065803?
3
What is the tens digit of 22226342?
4
What is the ten thousands digit of 183986929?
8
What is the units digit of 2303656?
6
What is the units digit of 97944702?
2
What is the hundreds digit of 3936954771?
7
What is the hundreds digit of 222180242?
2
What is the millions digit of 308050829?
8
What is the ten millions digit of 167610294?
6
What is the millions digit of 138541585?
8
What is the hundred thousands digit of 54153758?
1
What is the billions digit of 1767056924?
1
What is the hundred millions digit of 432308237?
4
What is the ten thousands digit of 1699829?
9
What is the thousands digit of 125139659?
9
What is the units digit of 376050?
0
What is the hundred thousands digit of 2197664524?
6
What is the tens digit of 572747933?
3
What is the ten thousands digit of 265518496?
1
What is the hundred thousands digit of 82151136?
1
What is the billions digit of 1512004642?
1
What is the ten thousands digit of 231632738?
3
What is the thousands digit of 60324979?
4
What is the hundred thousands digit of 27313129?
3
What is the millions digit of 5830765584?
0
What is the hundred millions digit of 243772073?
2
What is the units digit of 40169116?
6
What is the hundreds digit of 58279279?
2
What is the thousands digit of 1214742300?
2
What is the units digit of 1710851260?
0
What is the ten thousands digit of 57604099?
0
What is the tens digit of 93963932?
3
What is the hundred thousands digit of 23297536?
2
What is the tens digit of 374920759?
5
What is the hundred thousands digit of 46018470?
0
What is the ten millions digit of 162421947?
6
What is the ten thousands digit of 828924129?
2
What is the ten thousands digit of 31539082?
3
What is the units digit of 118548742?
2
What is the ten millions digit of 394508886?
9
What is the tens digit of 1185748039?
3
What is the hundred thousands digit of 5016347002?
3
What is the thousands digit of 1735855083?
5
What is the hundred thousands digit of 145379295?
3
What is the hundred thousands digit of 366172643?
1
What is the ten thousands digit of 9192095?
9
What is the thousands digit of 100460911?
0
What is the hundred thousands digit of 28999181?
9
What is the ten thousands digit of 111190859?
9
What is the units digit of 6536603551?
1
What is the ten thousands digit of 47373879?
7
What is the hundred thousands digit of 33418209?
4
What is the tens digit of 142437635?
3
What is the thousands digit of 60295430?
5
What is the thousands digit of 2716673047?
3
What is the units digit of 2155649597?
7
What is the millions digit of 1376573222?
6
What is the thousands digit of 35781305?
1
What is the millions digit of 37515291?
7
What is the tens digit of 127272755?
5
What is the ten millions digit of 250943811?
5
What is the millions digit of 143854591?
3
What is the units digit of 138341317?
7
What is the ten millions digit of 76093565?
7
What is the ten thousands digit of 16830486?
3
What is the hundred millions digit of 129052669?
1
What is the tens digit of 83222211?
1
What is the billions digit of 7639666409?
7
What is the hundred thousands digit of 1160023242?
0
What is the hundreds digit of 71584062?
0
What is the units digit of 94985450?
0
What is the millions digit of 11208884?
1
What is the millions digit of 47642471?
7
What is the ten millions digit of 49187181?
4
What is the units digit of 3951169106?
6
What is the units digit of 617524336?
6
What is the units digit of 28528089?
9
What is the tens digit of 1374868132?
3
What is the ten millions digit of 73006367?
7
What is the tens digit of 218324056?
5
What is the tens digit of 365054272?
7
What is the ten thousands digit of 18592426?
9
What is the ten thousands digit of 23418772?
1
What is the hundred millions digit of 292092944?
2
What is the hundred thousands digit of 60641976?
6
What is the ten millions digit of 133802088?
3
What is the millions digit of 91088249?
1
What is the millions digit of 21336717?
1
What is the millions digit of 65654634?
5
What is the units digit of 14738296?
6
What is the tens digit of 31620848?
4
What is the tens digit of 702313505?
0
What is the tens digit of 215361454?
5
What is the hundred thousands digit of 43149605?
1
What is the units digit of 29953524?
4
What is the ten thousands digit of 44418974?
1
What is the millions digit of 170205873?
0
What is the ten millions digit of 20364989?
2
What is the units digit of 2001012980?
0
What is the ten millions digit of 375173522?
7
What is the hundreds digit of 401110012?
0
What is the ten thousands digit of 88903210?
0
What is the hundred millions digit of 174491163?
1
What is the hundreds digit of 79005885?
8
What is the thousands digit of 606349103?
9
What is the hundreds digit of 1390356205?
2
What is the hundred thousands digit of 57407379?
4
What is the hundreds digit of 27825201?
2
What is the billions digit of 3178849044?
3
What is the hundreds digit of 144218104?
1
What is the ten thousands digit of 155103465?
0
What is the millions digit of 761117269?
1
What is the thousands digit of 651926767?
6
What is the hundreds digit of 755661951?
9
What is the units digit of 318161660?
0
What is the ten millions digit of 88822989?
8
What is the tens digit of 116557285?
8
What is the hundred millions digit of 770475048?
7
What is the hundred millions digit of 3703007636?
7
What is the hundred millions digit of 119796398?
1
What is the thousands digit of 118852086?
2
What is the ten millions digit of 214677893?
1
What is the millions digit of 47560159?
7
What is the ten millions digit of 306143639?
0
What is the hundred millions digit of 892531391?